{"id":6252,"date":"2022-04-08T06:03:26","date_gmt":"2022-04-08T06:03:26","guid":{"rendered":"https:\/\/patiotime.loftocean.com\/demo-data\/?page_id=6252"},"modified":"2026-01-21T09:11:50","modified_gmt":"2026-01-21T09:11:50","slug":"reservation-opentable","status":"publish","type":"page","link":"https:\/\/hotpotcenter.vn\/lien-he\/","title":{"rendered":"Li\u00ean h\u1ec7"},"content":{"rendered":"\t\t<div data-elementor-type=\"wp-page\" data-elementor-id=\"6252\" class=\"elementor elementor-6252\">\n\t\t\t\t\t\t<section class=\"elementor-section elementor-top-section elementor-element elementor-element-69209016 pt-section-content-fullwidth pt-parallax-on-scroll pt_scroll_y_120 elementor-section-boxed elementor-section-height-default elementor-section-height-default\" data-id=\"69209016\" data-element_type=\"section\" data-settings=\"{&quot;background_background&quot;:&quot;classic&quot;}\" data-pt-parallax-y=\"120\" style=\"background-image: none;\" data-pt-background-image=\"http:\/\/hotpot.khesamedia.vn\/wp-content\/uploads\/2026\/01\/Design.jpg\">\n\t\t\t\t\t\t\t<div class=\"elementor-background-overlay\"><\/div>\n\t\t\t\t\t\t\t<div class=\"elementor-container elementor-column-gap-no\">\n\t\t\t\t\t<div class=\"elementor-column elementor-col-100 elementor-top-column elementor-element elementor-element-6d267af2 dark-color\" data-id=\"6d267af2\" data-element_type=\"column\">\n\t\t\t<div class=\"elementor-widget-wrap elementor-element-populated\">\n\t\t\t\t\t\t<div class=\"elementor-element elementor-element-553e8a2c elementor-widget elementor-widget-spacer\" data-id=\"553e8a2c\" data-element_type=\"widget\" data-widget_type=\"spacer.default\">\n\t\t\t\t\t\t\t<div class=\"elementor-spacer\">\n\t\t\t<div class=\"elementor-spacer-inner\"><\/div>\n\t\t<\/div>\n\t\t\t\t\t\t<\/div>\n\t\t\t\t<div class=\"elementor-element elementor-element-c85607f elementor-widget elementor-widget-pt_title\" data-id=\"c85607f\" data-element_type=\"widget\" data-widget_type=\"pt_title.default\">\n\t\t\t\t<div class=\"elementor-widget-container\">\n\t\t\t\t\t\n        <div class=\"pt-title-wrap text-center\">\t            <h4 class=\"pt-title\">\n\t                Li\u00ean h\u1ec7\t            <\/h4>        <\/div>\t\t\t\t<\/div>\n\t\t\t\t<\/div>\n\t\t\t\t\t<\/div>\n\t\t<\/div>\n\t\t\t\t\t<\/div>\n\t\t<\/section>\n\t\t\t\t<section class=\"elementor-section elementor-top-section elementor-element elementor-element-49a2d8b3 elementor-section-boxed elementor-section-height-default elementor-section-height-default\" data-id=\"49a2d8b3\" data-element_type=\"section\" data-settings=\"{&quot;background_background&quot;:&quot;classic&quot;}\">\n\t\t\t\t\t\t\t<div class=\"elementor-background-overlay\"><\/div>\n\t\t\t\t\t\t\t<div class=\"elementor-container elementor-column-gap-no\">\n\t\t\t\t\t<div class=\"elementor-column elementor-col-100 elementor-top-column elementor-element elementor-element-4b391e8f\" data-id=\"4b391e8f\" data-element_type=\"column\">\n\t\t\t<div class=\"elementor-widget-wrap elementor-element-populated\">\n\t\t\t\t\t\t<div class=\"elementor-element elementor-element-265791c elementor-widget elementor-widget-pt_title\" data-id=\"265791c\" data-element_type=\"widget\" data-widget_type=\"pt_title.default\">\n\t\t\t\t<div class=\"elementor-widget-container\">\n\t\t\t\t\t\n        <div class=\"pt-title-wrap text-center\">\t            <div class=\"pt-subtitle-wrap\"><span class=\"pt-subtitle\">th\u00f4ng tin ch\u00fang t\u00f4i<\/span><\/div>\t            <h2 class=\"pt-title\">\n\t                Lu\u00f4n k\u1ebft n\u1ed1i c\u00f9ng ch\u00fang t\u00f4i\t            <\/h2>        <\/div>\t\t\t\t<\/div>\n\t\t\t\t<\/div>\n\t\t\t\t\t<\/div>\n\t\t<\/div>\n\t\t\t\t\t<\/div>\n\t\t<\/section>\n\t\t<div class=\"elementor-element elementor-element-04280ba e-grid e-con-boxed e-con e-parent\" data-id=\"04280ba\" data-element_type=\"container\">\n\t\t\t\t\t<div class=\"e-con-inner\">\n\t\t\t\t<div class=\"elementor-element elementor-element-8ba5c52 elementor-view-default elementor-position-block-start elementor-mobile-position-block-start elementor-widget elementor-widget-icon-box\" data-id=\"8ba5c52\" data-element_type=\"widget\" data-widget_type=\"icon-box.default\">\n\t\t\t\t\t\t\t<div class=\"elementor-icon-box-wrapper\">\n\n\t\t\t\t\t\t<div class=\"elementor-icon-box-icon\">\n\t\t\t\t<span  class=\"elementor-icon\">\n\t\t\t\t<svg aria-hidden=\"true\" class=\"e-font-icon-svg e-fas-map-marker-alt\" viewBox=\"0 0 384 512\" xmlns=\"http:\/\/www.w3.org\/2000\/svg\"><path d=\"M172.268 501.67C26.97 291.031 0 269.413 0 192 0 85.961 85.961 0 192 0s192 85.961 192 192c0 77.413-26.97 99.031-172.268 309.67-9.535 13.774-29.93 13.773-39.464 0zM192 272c44.183 0 80-35.817 80-80s-35.817-80-80-80-80 35.817-80 80 35.817 80 80 80z\"><\/path><\/svg>\t\t\t\t<\/span>\n\t\t\t<\/div>\n\t\t\t\n\t\t\t\t\t\t<div class=\"elementor-icon-box-content\">\n\n\t\t\t\t\t\t\t\t\t<h3 class=\"elementor-icon-box-title\">\n\t\t\t\t\t\t<span  >\n\t\t\t\t\t\t\t\u0110\u1ecba ch\u1ec9\t\t\t\t\t\t<\/span>\n\t\t\t\t\t<\/h3>\n\t\t\t\t\n\t\t\t\t\t\t\t\t\t<p class=\"elementor-icon-box-description\">\n\t\t\t\t\t\t71 Xu\u00e2n Vi\u00ean, TT. Sa Pa, Sa Pa, L\u00e0o Cai\t\t\t\t\t<\/p>\n\t\t\t\t\n\t\t\t<\/div>\n\t\t\t\n\t\t<\/div>\n\t\t\t\t\t\t<\/div>\n\t\t\t\t<div class=\"elementor-element elementor-element-a132448 elementor-view-default elementor-position-block-start elementor-mobile-position-block-start elementor-widget elementor-widget-icon-box\" data-id=\"a132448\" data-element_type=\"widget\" data-widget_type=\"icon-box.default\">\n\t\t\t\t\t\t\t<div class=\"elementor-icon-box-wrapper\">\n\n\t\t\t\t\t\t<div class=\"elementor-icon-box-icon\">\n\t\t\t\t<span  class=\"elementor-icon\">\n\t\t\t\t<svg aria-hidden=\"true\" class=\"e-font-icon-svg e-fas-phone-alt\" viewBox=\"0 0 512 512\" xmlns=\"http:\/\/www.w3.org\/2000\/svg\"><path d=\"M497.39 361.8l-112-48a24 24 0 0 0-28 6.9l-49.6 60.6A370.66 370.66 0 0 1 130.6 204.11l60.6-49.6a23.94 23.94 0 0 0 6.9-28l-48-112A24.16 24.16 0 0 0 122.6.61l-104 24A24 24 0 0 0 0 48c0 256.5 207.9 464 464 464a24 24 0 0 0 23.4-18.6l24-104a24.29 24.29 0 0 0-14.01-27.6z\"><\/path><\/svg>\t\t\t\t<\/span>\n\t\t\t<\/div>\n\t\t\t\n\t\t\t\t\t\t<div class=\"elementor-icon-box-content\">\n\n\t\t\t\t\t\t\t\t\t<h3 class=\"elementor-icon-box-title\">\n\t\t\t\t\t\t<span  >\n\t\t\t\t\t\t\tS\u1ed1 \u0111i\u1ec7n tho\u1ea1i\t\t\t\t\t\t<\/span>\n\t\t\t\t\t<\/h3>\n\t\t\t\t\n\t\t\t\t\t\t\t\t\t<p class=\"elementor-icon-box-description\">\n\t\t\t\t\t\tHotline 1: 0844552552<br>\nHotline 2: 0899999300\t\t\t\t\t<\/p>\n\t\t\t\t\n\t\t\t<\/div>\n\t\t\t\n\t\t<\/div>\n\t\t\t\t\t\t<\/div>\n\t\t\t\t<div class=\"elementor-element elementor-element-34a13ca elementor-view-default elementor-position-block-start elementor-mobile-position-block-start elementor-widget elementor-widget-icon-box\" data-id=\"34a13ca\" data-element_type=\"widget\" data-widget_type=\"icon-box.default\">\n\t\t\t\t\t\t\t<div class=\"elementor-icon-box-wrapper\">\n\n\t\t\t\t\t\t<div class=\"elementor-icon-box-icon\">\n\t\t\t\t<span  class=\"elementor-icon\">\n\t\t\t\t<svg aria-hidden=\"true\" class=\"e-font-icon-svg e-far-clock\" viewBox=\"0 0 512 512\" xmlns=\"http:\/\/www.w3.org\/2000\/svg\"><path d=\"M256 8C119 8 8 119 8 256s111 248 248 248 248-111 248-248S393 8 256 8zm0 448c-110.5 0-200-89.5-200-200S145.5 56 256 56s200 89.5 200 200-89.5 200-200 200zm61.8-104.4l-84.9-61.7c-3.1-2.3-4.9-5.9-4.9-9.7V116c0-6.6 5.4-12 12-12h32c6.6 0 12 5.4 12 12v141.7l66.8 48.6c5.4 3.9 6.5 11.4 2.6 16.8L334.6 349c-3.9 5.3-11.4 6.5-16.8 2.6z\"><\/path><\/svg>\t\t\t\t<\/span>\n\t\t\t<\/div>\n\t\t\t\n\t\t\t\t\t\t<div class=\"elementor-icon-box-content\">\n\n\t\t\t\t\t\t\t\t\t<h3 class=\"elementor-icon-box-title\">\n\t\t\t\t\t\t<span  >\n\t\t\t\t\t\t\tGi\u1edf m\u1edf c\u1eeda\t\t\t\t\t\t<\/span>\n\t\t\t\t\t<\/h3>\n\t\t\t\t\n\t\t\t\t\t\t\t\t\t<p class=\"elementor-icon-box-description\">\n\t\t\t\t\t\t08:00\u201322:00 T\u1ea5t c\u1ea3 c\u00e1c ng\u00e0y trong tu\u1ea7n\t\t\t\t\t<\/p>\n\t\t\t\t\n\t\t\t<\/div>\n\t\t\t\n\t\t<\/div>\n\t\t\t\t\t\t<\/div>\n\t\t\t\t\t<\/div>\n\t\t\t\t<\/div>\n\t\t<div class=\"elementor-element elementor-element-1cec786 e-con-full e-flex e-con e-parent\" data-id=\"1cec786\" data-element_type=\"container\">\n\t\t\t\t<div class=\"elementor-element elementor-element-16128b7 elementor-widget elementor-widget-html\" data-id=\"16128b7\" data-element_type=\"widget\" data-widget_type=\"html.default\">\n\t\t\t\t\t<iframe src=\"https:\/\/www.google.com\/maps\/embed?pb=!1m14!1m8!1m3!1d14761.742122698935!2d103.844027!3d22.337178!3m2!1i1024!2i768!4f13.1!3m3!1m2!1s0x36cd4169631faeeb%3A0x61cc3a2fcc60b34!2zTmjDoCBIw6BuZyBM4bqpdSBIT1RQT1QgQ2VudGVyIFNhcGE!5e0!3m2!1svi!2s!4v1767673017000!5m2!1svi!2s\" width=\"600\" height=\"550\" style=\"border:0;\" allowfullscreen=\"\" loading=\"lazy\" referrerpolicy=\"no-referrer-when-downgrade\"><\/iframe>\t\t\t\t<\/div>\n\t\t\t\t<\/div>\n\t\t<div class=\"elementor-element elementor-element-ab676df e-grid e-con-boxed e-con e-parent\" data-id=\"ab676df\" data-element_type=\"container\">\n\t\t\t\t\t<div class=\"e-con-inner\">\n\t\t<div class=\"elementor-element elementor-element-8f2cc3f e-flex e-con-boxed e-con e-child\" data-id=\"8f2cc3f\" data-element_type=\"container\" data-settings=\"{&quot;background_background&quot;:&quot;gradient&quot;}\">\n\t\t\t\t\t<div class=\"e-con-inner\">\n\t\t\t\t<div class=\"elementor-element elementor-element-a4ac657 elementor-widget elementor-widget-pt_title\" data-id=\"a4ac657\" data-element_type=\"widget\" data-widget_type=\"pt_title.default\">\n\t\t\t\t<div class=\"elementor-widget-container\">\n\t\t\t\t\t\n        <div class=\"pt-title-wrap text-center\">\t            <div class=\"pt-subtitle-wrap\"><span class=\"pt-subtitle\">g\u1eedi th\u00f4ng tin v\u00e0 ph\u1ea3n h\u1ed3i<\/span><\/div>\t            <h2 class=\"pt-title\">\n\t                Li\u00ean h\u1ec7\t            <\/h2>        <\/div>\t\t\t\t<\/div>\n\t\t\t\t<\/div>\n\t\t\t\t<div class=\"elementor-element elementor-element-285cc7f elementor-widget__width-initial elementor-widget elementor-widget-pt_form_cf7\" data-id=\"285cc7f\" data-element_type=\"widget\" data-widget_type=\"pt_form_cf7.default\">\n\t\t\t\t<div class=\"elementor-widget-container\">\n\t\t\t\t\t            <div class=\"pt-form-cf7 placeholder-normal\">\n                <div class=\"pt-form-cf7-wrap\">\n<div class=\"wpcf7 no-js\" id=\"wpcf7-f6144-o1\" lang=\"en-US\" dir=\"ltr\" data-wpcf7-id=\"6144\">\n<div class=\"screen-reader-response\"><p role=\"status\" aria-live=\"polite\" aria-atomic=\"true\"><\/p> <ul><\/ul><\/div>\n<form action=\"\/index.php\/wp-json\/wp\/v2\/pages\/6252#wpcf7-f6144-o1\" method=\"post\" class=\"wpcf7-form init\" aria-label=\"Contact form\" novalidate=\"novalidate\" data-status=\"init\">\n<fieldset class=\"hidden-fields-container\"><input type=\"hidden\" name=\"_wpcf7\" value=\"6144\" \/><input type=\"hidden\" name=\"_wpcf7_version\" value=\"6.1.4\" \/><input type=\"hidden\" name=\"_wpcf7_locale\" value=\"en_US\" \/><input type=\"hidden\" name=\"_wpcf7_unit_tag\" value=\"wpcf7-f6144-o1\" \/><input type=\"hidden\" name=\"_wpcf7_container_post\" value=\"0\" \/><input type=\"hidden\" name=\"_wpcf7_posted_data_hash\" value=\"\" \/>\n<\/fieldset>\n<p><label> H\u1ecd v\u00e0 t\u00ean<br \/>\n<span class=\"wpcf7-form-control-wrap\" data-name=\"your-name\"><input size=\"40\" maxlength=\"400\" class=\"wpcf7-form-control wpcf7-text wpcf7-validates-as-required\" aria-required=\"true\" aria-invalid=\"false\" value=\"\" type=\"text\" name=\"your-name\" \/><\/span> <\/label>\n<\/p>\n<p><label> Email<br \/>\n<span class=\"wpcf7-form-control-wrap\" data-name=\"your-email\"><input size=\"40\" maxlength=\"400\" class=\"wpcf7-form-control wpcf7-email wpcf7-validates-as-required wpcf7-text wpcf7-validates-as-email\" aria-required=\"true\" aria-invalid=\"false\" value=\"\" type=\"email\" name=\"your-email\" \/><\/span> <\/label>\n<\/p>\n<p><label> Ti\u00eau \u0111\u1ec1<br \/>\n<span class=\"wpcf7-form-control-wrap\" data-name=\"your-subject\"><input size=\"40\" maxlength=\"400\" class=\"wpcf7-form-control wpcf7-text wpcf7-validates-as-required\" aria-required=\"true\" aria-invalid=\"false\" value=\"\" type=\"text\" name=\"your-subject\" \/><\/span> <\/label>\n<\/p>\n<p><label> L\u1eddi nh\u1eafn c\u1ee7a b\u1ea1n<br \/>\n<span class=\"wpcf7-form-control-wrap\" data-name=\"your-message\"><textarea cols=\"40\" rows=\"10\" maxlength=\"2000\" class=\"wpcf7-form-control wpcf7-textarea\" aria-invalid=\"false\" name=\"your-message\"><\/textarea><\/span> <\/label><br \/>\n<span id=\"wpcf7-69f37e3634ee1-wrapper\" class=\"wpcf7-form-control-wrap anti-spam-wrap\" style=\"display:none !important; visibility:hidden !important;\"><label for=\"wpcf7-69f37e3634ee1-field\" class=\"hp-message\">Please leave this field empty.<\/label><input id=\"wpcf7-69f37e3634ee1-field\"  class=\"wpcf7-form-control wpcf7-text\" type=\"text\" name=\"anti-spam\" value=\"\" size=\"40\" tabindex=\"-1\" autocomplete=\"new-password\" \/><\/span><br \/>\n<input class=\"wpcf7-form-control wpcf7-submit has-spinner\" type=\"submit\" value=\"G\u1eedi tin nh\u1eafn\" \/>\n<\/p><div class=\"wpcf7-response-output\" aria-hidden=\"true\"><\/div>\n<\/form>\n<\/div>\n<\/div>\n            <\/div>\t\t\t\t<\/div>\n\t\t\t\t<\/div>\n\t\t\t\t\t<\/div>\n\t\t\t\t<\/div>\n\t\t\t\t\t<\/div>\n\t\t\t\t<\/div>\n\t\t\t\t<\/div>\n\t\t","protected":false},"excerpt":{"rendered":"<p>Li\u00ean h\u1ec7 th\u00f4ng tin ch\u00fang t\u00f4i Lu\u00f4n k\u1ebft n\u1ed1i c\u00f9ng ch\u00fang t\u00f4i \u0110\u1ecba ch\u1ec9 71 Xu\u00e2n Vi\u00ean, TT. Sa Pa, Sa Pa, L\u00e0o Cai S\u1ed1 \u0111i\u1ec7n tho\u1ea1i Hotline 1: 0844552552 Hotline 2: 0899999300 Gi\u1edf m\u1edf c\u1eeda 08:00\u201322:00 T\u1ea5t c\u1ea3 c\u00e1c ng\u00e0y trong tu\u1ea7n g\u1eedi th\u00f4ng tin v\u00e0 ph\u1ea3n h\u1ed3i Li\u00ean h\u1ec7 H\u1ecd v\u00e0 t\u00ean Email &#8230;<\/p>\n","protected":false},"author":1,"featured_media":6968,"parent":0,"menu_order":0,"comment_status":"closed","ping_status":"closed","template":"template-wide-content.php","meta":{"patiotime_single_page_hide_site_header":"","patiotime_single_page_site_header_source":"","patiotime_single_page_custom_site_header":"","patiotime_single_page_custom_sticky_site_header":"","patiotime_single_page_custom_page_title_margin_top_source":"","patiotime_single_page_custom_page_title_desktop_margin_top":"","patiotime_single_page_custom_page_title_tablet_margin_top":"","patiotime_single_page_custom_page_title_mobile_margin_top":"","patiotime_single_page_hide_page_title":"on","patiotime_single_page_header_section_size":"","patiotime_single_page_header_background_color":"","patiotime_single_page_header_background_position_x":"center","patiotime_single_page_header_background_position_y":"center","patiotime_single_page_header_background_size":"cover","patiotime_single_page_header_background_repeat":"off","patiotime_single_page_header_background_scroll":"on","patiotime_single_page_header_text_color":"","patiotime_single_page_header_show_breadcrumb":"","patiotime_single_page_site_footer_hide_main":"","patiotime_single_custom_site_footer_main_source":"","patiotime_single_custom_site_footer_main":"","patiotime_single_page_site_footer_hide_above":"","patiotime_single_custom_site_footer_above_source":"","patiotime_single_custom_site_footer_above":"","patiotime_single_page_site_footer_hide_instagram":"","patiotime_single_page_site_footer_hide_bottom":"","patiotime_single_custom_mobile_menu_source":"","patiotime_single_custom_mobile_menu":"","patiotime_single_custom_mobile_menu_animation":"","patiotime_single_custom_mobile_menu_width":"","patiotime_single_custom_mobile_menu_custom_width":375,"footnotes":""},"class_list":["post-6252","page","type-page","status-publish","has-post-thumbnail","hentry"],"yoast_head":"<!-- This site is optimized with the Yoast SEO plugin v26.6 - https:\/\/yoast.com\/wordpress\/plugins\/seo\/ -->\n<title>Li\u00ean h\u1ec7 - Hotpot Center<\/title>\n<meta name=\"robots\" content=\"index, follow, max-snippet:-1, max-image-preview:large, max-video-preview:-1\" \/>\n<link rel=\"canonical\" href=\"https:\/\/hotpotcenter.vn\/lien-he\/\" \/>\n<meta property=\"og:locale\" content=\"vi_VN\" \/>\n<meta property=\"og:type\" content=\"article\" \/>\n<meta property=\"og:title\" content=\"Li\u00ean h\u1ec7 - Hotpot Center\" \/>\n<meta property=\"og:description\" content=\"Li\u00ean h\u1ec7 th\u00f4ng tin ch\u00fang t\u00f4i Lu\u00f4n k\u1ebft n\u1ed1i c\u00f9ng ch\u00fang t\u00f4i \u0110\u1ecba ch\u1ec9 71 Xu\u00e2n Vi\u00ean, TT. Sa Pa, Sa Pa, L\u00e0o Cai S\u1ed1 \u0111i\u1ec7n tho\u1ea1i Hotline 1: 0844552552 Hotline 2: 0899999300 Gi\u1edf m\u1edf c\u1eeda 08:00\u201322:00 T\u1ea5t c\u1ea3 c\u00e1c ng\u00e0y trong tu\u1ea7n g\u1eedi th\u00f4ng tin v\u00e0 ph\u1ea3n h\u1ed3i Li\u00ean h\u1ec7 H\u1ecd v\u00e0 t\u00ean Email ...\" \/>\n<meta property=\"og:url\" content=\"https:\/\/hotpotcenter.vn\/lien-he\/\" \/>\n<meta property=\"og:site_name\" content=\"Hotpot Center\" \/>\n<meta property=\"article:modified_time\" content=\"2026-01-21T09:11:50+00:00\" \/>\n<meta property=\"og:image\" content=\"https:\/\/hotpotcenter.vn\/wp-content\/uploads\/2026\/01\/Design.jpg\" \/>\n\t<meta property=\"og:image:width\" content=\"1640\" \/>\n\t<meta property=\"og:image:height\" content=\"924\" \/>\n\t<meta property=\"og:image:type\" content=\"image\/jpeg\" \/>\n<meta name=\"twitter:card\" content=\"summary_large_image\" \/>\n<meta name=\"twitter:label1\" content=\"\u01af\u1edbc t\u00ednh th\u1eddi gian \u0111\u1ecdc\" \/>\n\t<meta name=\"twitter:data1\" content=\"1 ph\u00fat\" \/>\n<script type=\"application\/ld+json\" class=\"yoast-schema-graph\">{\"@context\":\"https:\/\/schema.org\",\"@graph\":[{\"@type\":\"WebPage\",\"@id\":\"https:\/\/hotpotcenter.vn\/lien-he\/\",\"url\":\"https:\/\/hotpotcenter.vn\/lien-he\/\",\"name\":\"Li\u00ean h\u1ec7 - Hotpot Center\",\"isPartOf\":{\"@id\":\"https:\/\/hotpotcenter.vn\/#website\"},\"primaryImageOfPage\":{\"@id\":\"https:\/\/hotpotcenter.vn\/lien-he\/#primaryimage\"},\"image\":{\"@id\":\"https:\/\/hotpotcenter.vn\/lien-he\/#primaryimage\"},\"thumbnailUrl\":\"https:\/\/hotpotcenter.vn\/wp-content\/uploads\/2026\/01\/Design.jpg\",\"datePublished\":\"2022-04-08T06:03:26+00:00\",\"dateModified\":\"2026-01-21T09:11:50+00:00\",\"breadcrumb\":{\"@id\":\"https:\/\/hotpotcenter.vn\/lien-he\/#breadcrumb\"},\"inLanguage\":\"vi\",\"potentialAction\":[{\"@type\":\"ReadAction\",\"target\":[\"https:\/\/hotpotcenter.vn\/lien-he\/\"]}]},{\"@type\":\"ImageObject\",\"inLanguage\":\"vi\",\"@id\":\"https:\/\/hotpotcenter.vn\/lien-he\/#primaryimage\",\"url\":\"https:\/\/hotpotcenter.vn\/wp-content\/uploads\/2026\/01\/Design.jpg\",\"contentUrl\":\"https:\/\/hotpotcenter.vn\/wp-content\/uploads\/2026\/01\/Design.jpg\",\"width\":1640,\"height\":924},{\"@type\":\"BreadcrumbList\",\"@id\":\"https:\/\/hotpotcenter.vn\/lien-he\/#breadcrumb\",\"itemListElement\":[{\"@type\":\"ListItem\",\"position\":1,\"name\":\"Home\",\"item\":\"https:\/\/hotpotcenter.vn\/\"},{\"@type\":\"ListItem\",\"position\":2,\"name\":\"Li\u00ean h\u1ec7\"}]},{\"@type\":\"WebSite\",\"@id\":\"https:\/\/hotpotcenter.vn\/#website\",\"url\":\"https:\/\/hotpotcenter.vn\/\",\"name\":\"Hotpot Center\",\"description\":\"N\u01a1i \u1ea9m th\u1ef1c th\u0103ng hoa\",\"publisher\":{\"@id\":\"https:\/\/hotpotcenter.vn\/#organization\"},\"potentialAction\":[{\"@type\":\"SearchAction\",\"target\":{\"@type\":\"EntryPoint\",\"urlTemplate\":\"https:\/\/hotpotcenter.vn\/?s={search_term_string}\"},\"query-input\":{\"@type\":\"PropertyValueSpecification\",\"valueRequired\":true,\"valueName\":\"search_term_string\"}}],\"inLanguage\":\"vi\"},{\"@type\":\"Organization\",\"@id\":\"https:\/\/hotpotcenter.vn\/#organization\",\"name\":\"Hotpot Center\",\"url\":\"https:\/\/hotpotcenter.vn\/\",\"logo\":{\"@type\":\"ImageObject\",\"inLanguage\":\"vi\",\"@id\":\"https:\/\/hotpotcenter.vn\/#\/schema\/logo\/image\/\",\"url\":\"https:\/\/hotpotcenter.vn\/wp-content\/uploads\/2026\/01\/cropped-logo.png\",\"contentUrl\":\"https:\/\/hotpotcenter.vn\/wp-content\/uploads\/2026\/01\/cropped-logo.png\",\"width\":998,\"height\":961,\"caption\":\"Hotpot Center\"},\"image\":{\"@id\":\"https:\/\/hotpotcenter.vn\/#\/schema\/logo\/image\/\"}}]}<\/script>\n<!-- \/ Yoast SEO plugin. -->","yoast_head_json":{"title":"Li\u00ean h\u1ec7 - Hotpot Center","robots":{"index":"index","follow":"follow","max-snippet":"max-snippet:-1","max-image-preview":"max-image-preview:large","max-video-preview":"max-video-preview:-1"},"canonical":"https:\/\/hotpotcenter.vn\/lien-he\/","og_locale":"vi_VN","og_type":"article","og_title":"Li\u00ean h\u1ec7 - Hotpot Center","og_description":"Li\u00ean h\u1ec7 th\u00f4ng tin ch\u00fang t\u00f4i Lu\u00f4n k\u1ebft n\u1ed1i c\u00f9ng ch\u00fang t\u00f4i \u0110\u1ecba ch\u1ec9 71 Xu\u00e2n Vi\u00ean, TT. Sa Pa, Sa Pa, L\u00e0o Cai S\u1ed1 \u0111i\u1ec7n tho\u1ea1i Hotline 1: 0844552552 Hotline 2: 0899999300 Gi\u1edf m\u1edf c\u1eeda 08:00\u201322:00 T\u1ea5t c\u1ea3 c\u00e1c ng\u00e0y trong tu\u1ea7n g\u1eedi th\u00f4ng tin v\u00e0 ph\u1ea3n h\u1ed3i Li\u00ean h\u1ec7 H\u1ecd v\u00e0 t\u00ean Email ...","og_url":"https:\/\/hotpotcenter.vn\/lien-he\/","og_site_name":"Hotpot Center","article_modified_time":"2026-01-21T09:11:50+00:00","og_image":[{"width":1640,"height":924,"url":"https:\/\/hotpotcenter.vn\/wp-content\/uploads\/2026\/01\/Design.jpg","type":"image\/jpeg"}],"twitter_card":"summary_large_image","twitter_misc":{"\u01af\u1edbc t\u00ednh th\u1eddi gian \u0111\u1ecdc":"1 ph\u00fat"},"schema":{"@context":"https:\/\/schema.org","@graph":[{"@type":"WebPage","@id":"https:\/\/hotpotcenter.vn\/lien-he\/","url":"https:\/\/hotpotcenter.vn\/lien-he\/","name":"Li\u00ean h\u1ec7 - Hotpot Center","isPartOf":{"@id":"https:\/\/hotpotcenter.vn\/#website"},"primaryImageOfPage":{"@id":"https:\/\/hotpotcenter.vn\/lien-he\/#primaryimage"},"image":{"@id":"https:\/\/hotpotcenter.vn\/lien-he\/#primaryimage"},"thumbnailUrl":"https:\/\/hotpotcenter.vn\/wp-content\/uploads\/2026\/01\/Design.jpg","datePublished":"2022-04-08T06:03:26+00:00","dateModified":"2026-01-21T09:11:50+00:00","breadcrumb":{"@id":"https:\/\/hotpotcenter.vn\/lien-he\/#breadcrumb"},"inLanguage":"vi","potentialAction":[{"@type":"ReadAction","target":["https:\/\/hotpotcenter.vn\/lien-he\/"]}]},{"@type":"ImageObject","inLanguage":"vi","@id":"https:\/\/hotpotcenter.vn\/lien-he\/#primaryimage","url":"https:\/\/hotpotcenter.vn\/wp-content\/uploads\/2026\/01\/Design.jpg","contentUrl":"https:\/\/hotpotcenter.vn\/wp-content\/uploads\/2026\/01\/Design.jpg","width":1640,"height":924},{"@type":"BreadcrumbList","@id":"https:\/\/hotpotcenter.vn\/lien-he\/#breadcrumb","itemListElement":[{"@type":"ListItem","position":1,"name":"Home","item":"https:\/\/hotpotcenter.vn\/"},{"@type":"ListItem","position":2,"name":"Li\u00ean h\u1ec7"}]},{"@type":"WebSite","@id":"https:\/\/hotpotcenter.vn\/#website","url":"https:\/\/hotpotcenter.vn\/","name":"Hotpot Center","description":"N\u01a1i \u1ea9m th\u1ef1c th\u0103ng hoa","publisher":{"@id":"https:\/\/hotpotcenter.vn\/#organization"},"potentialAction":[{"@type":"SearchAction","target":{"@type":"EntryPoint","urlTemplate":"https:\/\/hotpotcenter.vn\/?s={search_term_string}"},"query-input":{"@type":"PropertyValueSpecification","valueRequired":true,"valueName":"search_term_string"}}],"inLanguage":"vi"},{"@type":"Organization","@id":"https:\/\/hotpotcenter.vn\/#organization","name":"Hotpot Center","url":"https:\/\/hotpotcenter.vn\/","logo":{"@type":"ImageObject","inLanguage":"vi","@id":"https:\/\/hotpotcenter.vn\/#\/schema\/logo\/image\/","url":"https:\/\/hotpotcenter.vn\/wp-content\/uploads\/2026\/01\/cropped-logo.png","contentUrl":"https:\/\/hotpotcenter.vn\/wp-content\/uploads\/2026\/01\/cropped-logo.png","width":998,"height":961,"caption":"Hotpot Center"},"image":{"@id":"https:\/\/hotpotcenter.vn\/#\/schema\/logo\/image\/"}}]}},"_links":{"self":[{"href":"https:\/\/hotpotcenter.vn\/index.php\/wp-json\/wp\/v2\/pages\/6252","targetHints":{"allow":["GET"]}}],"collection":[{"href":"https:\/\/hotpotcenter.vn\/index.php\/wp-json\/wp\/v2\/pages"}],"about":[{"href":"https:\/\/hotpotcenter.vn\/index.php\/wp-json\/wp\/v2\/types\/page"}],"author":[{"embeddable":true,"href":"https:\/\/hotpotcenter.vn\/index.php\/wp-json\/wp\/v2\/users\/1"}],"replies":[{"embeddable":true,"href":"https:\/\/hotpotcenter.vn\/index.php\/wp-json\/wp\/v2\/comments?post=6252"}],"version-history":[{"count":25,"href":"https:\/\/hotpotcenter.vn\/index.php\/wp-json\/wp\/v2\/pages\/6252\/revisions"}],"predecessor-version":[{"id":45839,"href":"https:\/\/hotpotcenter.vn\/index.php\/wp-json\/wp\/v2\/pages\/6252\/revisions\/45839"}],"wp:featuredmedia":[{"embeddable":true,"href":"https:\/\/hotpotcenter.vn\/index.php\/wp-json\/wp\/v2\/media\/6968"}],"wp:attachment":[{"href":"https:\/\/hotpotcenter.vn\/index.php\/wp-json\/wp\/v2\/media?parent=6252"}],"curies":[{"name":"wp","href":"https:\/\/api.w.org\/{rel}","templated":true}]}}