{"id":6805,"date":"2026-01-05T07:47:26","date_gmt":"2026-01-05T07:47:26","guid":{"rendered":"https:\/\/hotpot.khesamedia.vn\/?page_id=6805"},"modified":"2026-02-02T21:21:37","modified_gmt":"2026-02-02T14:21:37","slug":"hinh-anh","status":"publish","type":"page","link":"https:\/\/hotpotcenter.vn\/hinh-anh\/","title":{"rendered":"H\u00ecnh \u1ea3nh"},"content":{"rendered":"\t\t<div data-elementor-type=\"wp-page\" data-elementor-id=\"6805\" class=\"elementor elementor-6805\">\n\t\t\t\t<div class=\"elementor-element elementor-element-a1ac1ed e-con-full e-flex e-con e-parent\" data-id=\"a1ac1ed\" data-element_type=\"container\">\n\t\t\t\t<div class=\"elementor-element elementor-element-c74ed8a elementor-widget elementor-widget-pt_title\" data-id=\"c74ed8a\" data-element_type=\"widget\" data-widget_type=\"pt_title.default\">\n\t\t\t\t<div class=\"elementor-widget-container\">\n\t\t\t\t\t\n        <div class=\"pt-title-wrap text-center\">\t            <div class=\"pt-subtitle-wrap\"><span class=\"pt-subtitle\">Kho\u1ea3nh kh\u1eafc t\u1ea1i Hotpot Center<\/span><\/div>\t            <h2 class=\"pt-title\">\n\t                H\u00ecnh \u1ea3nh Hotpot Center\t            <\/h2>        <\/div>\t\t\t\t<\/div>\n\t\t\t\t<\/div>\n\t\t\t\t<div class=\"elementor-element elementor-element-5fb7c7d elementor-widget elementor-widget-pt_gallery\" data-id=\"5fb7c7d\" data-element_type=\"widget\" data-widget_type=\"pt_gallery.default\">\n\t\t\t\t<div class=\"elementor-widget-container\">\n\t\t\t\t\t\n            <div class=\"pt-gallery gap-5 gallery-grid grid-col-3\">\n                <div class=\"pt-gallery-wrap\">                    <div class=\"pt-gallery-item\"><img fetchpriority=\"high\" decoding=\"async\" width=\"500\" height=\"600\" src=\"https:\/\/hotpotcenter.vn\/wp-content\/uploads\/2026\/01\/11.jpg\" class=\"attachment-full size-full wp-image-6757\" alt=\"\" srcset=\"https:\/\/hotpotcenter.vn\/wp-content\/uploads\/2026\/01\/11.jpg 500w, https:\/\/hotpotcenter.vn\/wp-content\/uploads\/2026\/01\/11-250x300.jpg 250w, https:\/\/hotpotcenter.vn\/wp-content\/uploads\/2026\/01\/11-370x444.jpg 370w, https:\/\/hotpotcenter.vn\/wp-content\/uploads\/2026\/01\/11-255x306.jpg 255w\" sizes=\"(max-width: 500px) 100vw, 500px\" \/>                    <\/div>                    <div class=\"pt-gallery-item\"><img decoding=\"async\" width=\"500\" height=\"600\" src=\"https:\/\/hotpotcenter.vn\/wp-content\/uploads\/2026\/01\/2.jpg\" class=\"attachment-full size-full wp-image-6748\" alt=\"\" srcset=\"https:\/\/hotpotcenter.vn\/wp-content\/uploads\/2026\/01\/2.jpg 500w, https:\/\/hotpotcenter.vn\/wp-content\/uploads\/2026\/01\/2-250x300.jpg 250w, https:\/\/hotpotcenter.vn\/wp-content\/uploads\/2026\/01\/2-370x444.jpg 370w, https:\/\/hotpotcenter.vn\/wp-content\/uploads\/2026\/01\/2-255x306.jpg 255w\" sizes=\"(max-width: 500px) 100vw, 500px\" \/>                    <\/div>                    <div class=\"pt-gallery-item\"><img decoding=\"async\" width=\"500\" height=\"600\" src=\"https:\/\/hotpotcenter.vn\/wp-content\/uploads\/2026\/01\/3.jpg\" class=\"attachment-full size-full wp-image-6749\" alt=\"\" srcset=\"https:\/\/hotpotcenter.vn\/wp-content\/uploads\/2026\/01\/3.jpg 500w, https:\/\/hotpotcenter.vn\/wp-content\/uploads\/2026\/01\/3-250x300.jpg 250w, https:\/\/hotpotcenter.vn\/wp-content\/uploads\/2026\/01\/3-370x444.jpg 370w, https:\/\/hotpotcenter.vn\/wp-content\/uploads\/2026\/01\/3-255x306.jpg 255w\" sizes=\"(max-width: 500px) 100vw, 500px\" \/>                    <\/div>                    <div class=\"pt-gallery-item\"><img loading=\"lazy\" decoding=\"async\" width=\"500\" height=\"600\" src=\"https:\/\/hotpotcenter.vn\/wp-content\/uploads\/2026\/01\/4.jpg\" class=\"attachment-full size-full wp-image-6750\" alt=\"\" srcset=\"https:\/\/hotpotcenter.vn\/wp-content\/uploads\/2026\/01\/4.jpg 500w, https:\/\/hotpotcenter.vn\/wp-content\/uploads\/2026\/01\/4-250x300.jpg 250w, https:\/\/hotpotcenter.vn\/wp-content\/uploads\/2026\/01\/4-370x444.jpg 370w, https:\/\/hotpotcenter.vn\/wp-content\/uploads\/2026\/01\/4-255x306.jpg 255w\" sizes=\"(max-width: 500px) 100vw, 500px\" \/>                    <\/div>                    <div class=\"pt-gallery-item\"><img loading=\"lazy\" decoding=\"async\" width=\"500\" height=\"600\" src=\"https:\/\/hotpotcenter.vn\/wp-content\/uploads\/2026\/01\/5.jpg\" class=\"attachment-full size-full wp-image-6751\" alt=\"\" srcset=\"https:\/\/hotpotcenter.vn\/wp-content\/uploads\/2026\/01\/5.jpg 500w, https:\/\/hotpotcenter.vn\/wp-content\/uploads\/2026\/01\/5-250x300.jpg 250w, https:\/\/hotpotcenter.vn\/wp-content\/uploads\/2026\/01\/5-370x444.jpg 370w, https:\/\/hotpotcenter.vn\/wp-content\/uploads\/2026\/01\/5-255x306.jpg 255w\" sizes=\"(max-width: 500px) 100vw, 500px\" \/>                    <\/div>                    <div class=\"pt-gallery-item\"><img loading=\"lazy\" decoding=\"async\" width=\"500\" height=\"600\" src=\"https:\/\/hotpotcenter.vn\/wp-content\/uploads\/2026\/01\/6.jpg\" class=\"attachment-full size-full wp-image-6752\" alt=\"\" srcset=\"https:\/\/hotpotcenter.vn\/wp-content\/uploads\/2026\/01\/6.jpg 500w, https:\/\/hotpotcenter.vn\/wp-content\/uploads\/2026\/01\/6-250x300.jpg 250w, https:\/\/hotpotcenter.vn\/wp-content\/uploads\/2026\/01\/6-370x444.jpg 370w, https:\/\/hotpotcenter.vn\/wp-content\/uploads\/2026\/01\/6-255x306.jpg 255w\" sizes=\"(max-width: 500px) 100vw, 500px\" \/>                    <\/div>                    <div class=\"pt-gallery-item\"><img loading=\"lazy\" decoding=\"async\" width=\"500\" height=\"600\" src=\"https:\/\/hotpotcenter.vn\/wp-content\/uploads\/2026\/01\/7.jpg\" class=\"attachment-full size-full wp-image-6753\" alt=\"\" srcset=\"https:\/\/hotpotcenter.vn\/wp-content\/uploads\/2026\/01\/7.jpg 500w, https:\/\/hotpotcenter.vn\/wp-content\/uploads\/2026\/01\/7-250x300.jpg 250w, https:\/\/hotpotcenter.vn\/wp-content\/uploads\/2026\/01\/7-370x444.jpg 370w, https:\/\/hotpotcenter.vn\/wp-content\/uploads\/2026\/01\/7-255x306.jpg 255w\" sizes=\"(max-width: 500px) 100vw, 500px\" \/>                    <\/div>                    <div class=\"pt-gallery-item\"><img loading=\"lazy\" decoding=\"async\" width=\"500\" height=\"600\" src=\"https:\/\/hotpotcenter.vn\/wp-content\/uploads\/2026\/01\/8.jpg\" class=\"attachment-full size-full wp-image-6754\" alt=\"\" srcset=\"https:\/\/hotpotcenter.vn\/wp-content\/uploads\/2026\/01\/8.jpg 500w, https:\/\/hotpotcenter.vn\/wp-content\/uploads\/2026\/01\/8-250x300.jpg 250w, https:\/\/hotpotcenter.vn\/wp-content\/uploads\/2026\/01\/8-370x444.jpg 370w, https:\/\/hotpotcenter.vn\/wp-content\/uploads\/2026\/01\/8-255x306.jpg 255w\" sizes=\"(max-width: 500px) 100vw, 500px\" \/>                    <\/div>                    <div class=\"pt-gallery-item\"><img loading=\"lazy\" decoding=\"async\" width=\"500\" height=\"600\" src=\"https:\/\/hotpotcenter.vn\/wp-content\/uploads\/2026\/01\/9.jpg\" class=\"attachment-full size-full wp-image-6755\" alt=\"\" srcset=\"https:\/\/hotpotcenter.vn\/wp-content\/uploads\/2026\/01\/9.jpg 500w, https:\/\/hotpotcenter.vn\/wp-content\/uploads\/2026\/01\/9-250x300.jpg 250w, https:\/\/hotpotcenter.vn\/wp-content\/uploads\/2026\/01\/9-370x444.jpg 370w, https:\/\/hotpotcenter.vn\/wp-content\/uploads\/2026\/01\/9-255x306.jpg 255w\" sizes=\"(max-width: 500px) 100vw, 500px\" \/>                    <\/div>                    <div class=\"pt-gallery-item\"><img loading=\"lazy\" decoding=\"async\" width=\"500\" height=\"600\" src=\"https:\/\/hotpotcenter.vn\/wp-content\/uploads\/2026\/01\/10.jpg\" class=\"attachment-full size-full wp-image-6756\" alt=\"\" srcset=\"https:\/\/hotpotcenter.vn\/wp-content\/uploads\/2026\/01\/10.jpg 500w, https:\/\/hotpotcenter.vn\/wp-content\/uploads\/2026\/01\/10-250x300.jpg 250w, https:\/\/hotpotcenter.vn\/wp-content\/uploads\/2026\/01\/10-370x444.jpg 370w, https:\/\/hotpotcenter.vn\/wp-content\/uploads\/2026\/01\/10-255x306.jpg 255w\" sizes=\"(max-width: 500px) 100vw, 500px\" \/>                    <\/div>                    <div class=\"pt-gallery-item\"><img loading=\"lazy\" decoding=\"async\" width=\"500\" height=\"600\" src=\"https:\/\/hotpotcenter.vn\/wp-content\/uploads\/2026\/01\/1-1.jpg\" class=\"attachment-full size-full wp-image-6747\" alt=\"\" srcset=\"https:\/\/hotpotcenter.vn\/wp-content\/uploads\/2026\/01\/1-1.jpg 500w, https:\/\/hotpotcenter.vn\/wp-content\/uploads\/2026\/01\/1-1-250x300.jpg 250w, https:\/\/hotpotcenter.vn\/wp-content\/uploads\/2026\/01\/1-1-370x444.jpg 370w, https:\/\/hotpotcenter.vn\/wp-content\/uploads\/2026\/01\/1-1-255x306.jpg 255w\" sizes=\"(max-width: 500px) 100vw, 500px\" \/>                    <\/div>                <\/div>\n            <\/div>\t\t\t\t<\/div>\n\t\t\t\t<\/div>\n\t\t\t\t<\/div>\n\t\t<div class=\"elementor-element elementor-element-5ae798b e-grid e-con-boxed e-con e-parent\" data-id=\"5ae798b\" data-element_type=\"container\">\n\t\t\t\t\t<div class=\"e-con-inner\">\n\t\t\t\t<div class=\"elementor-element elementor-element-eb2911d elementor-widget elementor-widget-pt_title\" data-id=\"eb2911d\" data-element_type=\"widget\" data-widget_type=\"pt_title.default\">\n\t\t\t\t<div class=\"elementor-widget-container\">\n\t\t\t\t\t\n        <div class=\"pt-title-wrap text-center\">\t            <div class=\"pt-subtitle-wrap\"><span class=\"pt-subtitle\">\u0110\u01b0\u1ee3c \u0111\u00e1nh gi\u00e1 cao t\u1eeb kh\u00e1ch h\u00e0ng<\/span><\/div>\t            <h2 class=\"pt-title\">\n\t                C\u00e1c \u0111\u00e1nh gi\u00e1 t\u1eeb kh\u00e1ch h\u00e0ng\t            <\/h2>        <\/div>\t\t\t\t<\/div>\n\t\t\t\t<\/div>\n\t\t\t\t\t<\/div>\n\t\t\t\t<\/div>\n\t\t<div class=\"elementor-element elementor-element-d2b7a54 e-grid e-con-boxed e-con e-parent\" data-id=\"d2b7a54\" data-element_type=\"container\">\n\t\t\t\t\t<div class=\"e-con-inner\">\n\t\t\t\t<div class=\"elementor-element elementor-element-2f451c5 elementor-arrows-position-inside elementor-pagination-position-outside elementor-widget elementor-widget-image-carousel\" data-id=\"2f451c5\" data-element_type=\"widget\" data-settings=\"{&quot;slides_to_show&quot;:&quot;3&quot;,&quot;navigation&quot;:&quot;both&quot;,&quot;autoplay&quot;:&quot;yes&quot;,&quot;pause_on_hover&quot;:&quot;yes&quot;,&quot;pause_on_interaction&quot;:&quot;yes&quot;,&quot;autoplay_speed&quot;:5000,&quot;infinite&quot;:&quot;yes&quot;,&quot;speed&quot;:500}\" data-widget_type=\"image-carousel.default\">\n\t\t\t\t\t\t\t<div class=\"elementor-image-carousel-wrapper swiper\" role=\"region\" aria-roledescription=\"carousel\" aria-label=\"B\u0103ng chuy\u1ec1n h\u00ecnh \u1ea3nh\" dir=\"ltr\">\n\t\t\t<div class=\"elementor-image-carousel swiper-wrapper swiper-image-stretch\" aria-live=\"off\">\n\t\t\t\t\t\t\t\t<div class=\"swiper-slide\" role=\"group\" aria-roledescription=\"slide\" aria-label=\"1 tr\u00ean 6\"><figure class=\"swiper-slide-inner\"><img decoding=\"async\" class=\"swiper-slide-image\" src=\"https:\/\/hotpotcenter.vn\/wp-content\/uploads\/2026\/01\/102798769_630117531047757_6943889155168065278_o-qbx6m6g6gv5191blf5a1ws29gqv02m2th6ltfqrib4.jpg\" alt=\"102798769_630117531047757_6943889155168065278_o-qbx6m6g6gv5191blf5a1ws29gqv02m2th6ltfqrib4\" \/><\/figure><\/div><div class=\"swiper-slide\" role=\"group\" aria-roledescription=\"slide\" aria-label=\"2 tr\u00ean 6\"><figure class=\"swiper-slide-inner\"><img decoding=\"async\" class=\"swiper-slide-image\" src=\"https:\/\/hotpotcenter.vn\/wp-content\/uploads\/2026\/01\/102740326_629445647781612_6707180621270205612_o-qbx6m6g6gv5191blf5a1ws29gqv02m2th6ltfqrib4.jpg\" alt=\"102740326_629445647781612_6707180621270205612_o-qbx6m6g6gv5191blf5a1ws29gqv02m2th6ltfqrib4\" \/><\/figure><\/div><div class=\"swiper-slide\" role=\"group\" aria-roledescription=\"slide\" aria-label=\"3 tr\u00ean 6\"><figure class=\"swiper-slide-inner\"><img decoding=\"async\" class=\"swiper-slide-image\" src=\"https:\/\/hotpotcenter.vn\/wp-content\/uploads\/2026\/01\/102365106_630117687714408_3823074803820400142_o-qbx6m6g6gv5191blf5a1ws29gqv02m2th6ltfqrib4.jpg\" alt=\"102365106_630117687714408_3823074803820400142_o-qbx6m6g6gv5191blf5a1ws29gqv02m2th6ltfqrib4\" \/><\/figure><\/div><div class=\"swiper-slide\" role=\"group\" aria-roledescription=\"slide\" aria-label=\"4 tr\u00ean 6\"><figure class=\"swiper-slide-inner\"><img decoding=\"async\" class=\"swiper-slide-image\" src=\"https:\/\/hotpotcenter.vn\/wp-content\/uploads\/2026\/01\/98851682_619876202071890_8965358731315380224_o-qbx6m6g6gv5191blf5a1ws29gqv02m2th6ltfqrib4.jpg\" alt=\"98851682_619876202071890_8965358731315380224_o-qbx6m6g6gv5191blf5a1ws29gqv02m2th6ltfqrib4\" \/><\/figure><\/div><div class=\"swiper-slide\" role=\"group\" aria-roledescription=\"slide\" aria-label=\"5 tr\u00ean 6\"><figure class=\"swiper-slide-inner\"><img decoding=\"async\" class=\"swiper-slide-image\" src=\"https:\/\/hotpotcenter.vn\/wp-content\/uploads\/2026\/01\/96237497_608603453199165_9045125641325772800_n-qbx6m6g6gv5191blf5a1ws29gqv02m2th6ltfqrib4.jpg\" alt=\"96237497_608603453199165_9045125641325772800_n-qbx6m6g6gv5191blf5a1ws29gqv02m2th6ltfqrib4\" \/><\/figure><\/div><div class=\"swiper-slide\" role=\"group\" aria-roledescription=\"slide\" aria-label=\"6 tr\u00ean 6\"><figure class=\"swiper-slide-inner\"><img decoding=\"async\" class=\"swiper-slide-image\" src=\"https:\/\/hotpotcenter.vn\/wp-content\/uploads\/2026\/01\/95910848_606021783457332_6813783628749733888_o-qbx6m6g6gv5191blf5a1ws29gqv02m2th6ltfqrib4.jpg\" alt=\"95910848_606021783457332_6813783628749733888_o-qbx6m6g6gv5191blf5a1ws29gqv02m2th6ltfqrib4\" \/><\/figure><\/div>\t\t\t<\/div>\n\t\t\t\t\t\t\t\t\t\t\t\t<div class=\"elementor-swiper-button elementor-swiper-button-prev\" role=\"button\" tabindex=\"0\">\n\t\t\t\t\t\t<svg aria-hidden=\"true\" class=\"e-font-icon-svg e-eicon-chevron-left\" viewBox=\"0 0 1000 1000\" xmlns=\"http:\/\/www.w3.org\/2000\/svg\"><path d=\"M646 125C629 125 613 133 604 142L308 442C296 454 292 471 292 487 292 504 296 521 308 533L604 854C617 867 629 875 646 875 663 875 679 871 692 858 704 846 713 829 713 812 713 796 708 779 692 767L438 487 692 225C700 217 708 204 708 187 708 171 704 154 692 142 675 129 663 125 646 125Z\"><\/path><\/svg>\t\t\t\t\t<\/div>\n\t\t\t\t\t<div class=\"elementor-swiper-button elementor-swiper-button-next\" role=\"button\" tabindex=\"0\">\n\t\t\t\t\t\t<svg aria-hidden=\"true\" class=\"e-font-icon-svg e-eicon-chevron-right\" viewBox=\"0 0 1000 1000\" xmlns=\"http:\/\/www.w3.org\/2000\/svg\"><path d=\"M696 533C708 521 713 504 713 487 713 471 708 454 696 446L400 146C388 133 375 125 354 125 338 125 325 129 313 142 300 154 292 171 292 187 292 204 296 221 308 233L563 492 304 771C292 783 288 800 288 817 288 833 296 850 308 863 321 871 338 875 354 875 371 875 388 867 400 854L696 533Z\"><\/path><\/svg>\t\t\t\t\t<\/div>\n\t\t\t\t\n\t\t\t\t\t\t\t\t\t<div class=\"swiper-pagination\"><\/div>\n\t\t\t\t\t\t\t\t\t<\/div>\n\t\t\t\t\t\t<\/div>\n\t\t\t\t\t<\/div>\n\t\t\t\t<\/div>\n\t\t\t\t<\/div>\n\t\t","protected":false},"excerpt":{"rendered":"<p>Kho\u1ea3nh kh\u1eafc t\u1ea1i Hotpot Center H\u00ecnh \u1ea3nh Hotpot Center \u0110\u01b0\u1ee3c \u0111\u00e1nh gi\u00e1 cao t\u1eeb kh\u00e1ch h\u00e0ng C\u00e1c \u0111\u00e1nh gi\u00e1 t\u1eeb kh\u00e1ch h\u00e0ng &nbsp;<\/p>\n","protected":false},"author":1,"featured_media":6968,"parent":0,"menu_order":0,"comment_status":"closed","ping_status":"closed","template":"template-fullwidth.php","meta":{"patiotime_single_page_hide_site_header":"","patiotime_single_page_site_header_source":"","patiotime_single_page_custom_site_header":"","patiotime_single_page_custom_sticky_site_header":"","patiotime_single_page_custom_page_title_margin_top_source":"","patiotime_single_page_custom_page_title_desktop_margin_top":"","patiotime_single_page_custom_page_title_tablet_margin_top":"","patiotime_single_page_custom_page_title_mobile_margin_top":"","patiotime_single_page_hide_page_title":"","patiotime_single_page_header_section_size":"","patiotime_single_page_header_background_color":"","patiotime_single_page_header_background_position_x":"center","patiotime_single_page_header_background_position_y":"center","patiotime_single_page_header_background_size":"cover","patiotime_single_page_header_background_repeat":"off","patiotime_single_page_header_background_scroll":"on","patiotime_single_page_header_text_color":"","patiotime_single_page_header_show_breadcrumb":"","patiotime_single_page_site_footer_hide_main":"","patiotime_single_custom_site_footer_main_source":"","patiotime_single_custom_site_footer_main":"","patiotime_single_page_site_footer_hide_above":"","patiotime_single_custom_site_footer_above_source":"","patiotime_single_custom_site_footer_above":"","patiotime_single_page_site_footer_hide_instagram":"","patiotime_single_page_site_footer_hide_bottom":"","patiotime_single_custom_mobile_menu_source":"","patiotime_single_custom_mobile_menu":"","patiotime_single_custom_mobile_menu_animation":"","patiotime_single_custom_mobile_menu_width":"","patiotime_single_custom_mobile_menu_custom_width":375,"footnotes":""},"class_list":["post-6805","page","type-page","status-publish","has-post-thumbnail","hentry"],"yoast_head":"<!-- This site is optimized with the Yoast SEO plugin v26.6 - https:\/\/yoast.com\/wordpress\/plugins\/seo\/ -->\n<title>H\u00ecnh \u1ea3nh - Hotpot Center<\/title>\n<meta name=\"description\" content=\"Xem h\u00ecnh \u1ea3nh kh\u00f4ng gian, m\u00f3n l\u1ea9u v\u00e0 tr\u1ea3i nghi\u1ec7m th\u1ef1c t\u1ebf c\u1ee7a kh\u00e1ch h\u00e0ng t\u1ea1i nh\u00e0 h\u00e0ng Hotpot Center Sa Pa.\" \/>\n<meta name=\"robots\" content=\"index, follow, max-snippet:-1, max-image-preview:large, max-video-preview:-1\" \/>\n<link rel=\"canonical\" href=\"https:\/\/hotpotcenter.vn\/hinh-anh\/\" \/>\n<meta property=\"og:locale\" content=\"vi_VN\" \/>\n<meta property=\"og:type\" content=\"article\" \/>\n<meta property=\"og:title\" content=\"H\u00ecnh \u1ea3nh - Hotpot Center\" \/>\n<meta property=\"og:description\" content=\"Xem h\u00ecnh \u1ea3nh kh\u00f4ng gian, m\u00f3n l\u1ea9u v\u00e0 tr\u1ea3i nghi\u1ec7m th\u1ef1c t\u1ebf c\u1ee7a kh\u00e1ch h\u00e0ng t\u1ea1i nh\u00e0 h\u00e0ng Hotpot Center Sa Pa.\" \/>\n<meta property=\"og:url\" content=\"https:\/\/hotpotcenter.vn\/hinh-anh\/\" \/>\n<meta property=\"og:site_name\" content=\"Hotpot Center\" \/>\n<meta property=\"article:modified_time\" content=\"2026-02-02T14:21:37+00:00\" \/>\n<meta property=\"og:image\" content=\"https:\/\/hotpotcenter.vn\/wp-content\/uploads\/2026\/01\/Design.jpg\" \/>\n\t<meta property=\"og:image:width\" content=\"1640\" \/>\n\t<meta property=\"og:image:height\" content=\"924\" \/>\n\t<meta property=\"og:image:type\" content=\"image\/jpeg\" \/>\n<meta name=\"twitter:card\" content=\"summary_large_image\" \/>\n<meta name=\"twitter:label1\" content=\"\u01af\u1edbc t\u00ednh th\u1eddi gian \u0111\u1ecdc\" \/>\n\t<meta name=\"twitter:data1\" content=\"4 ph\u00fat\" \/>\n<script type=\"application\/ld+json\" class=\"yoast-schema-graph\">{\"@context\":\"https:\/\/schema.org\",\"@graph\":[{\"@type\":\"WebPage\",\"@id\":\"https:\/\/hotpotcenter.vn\/hinh-anh\/\",\"url\":\"https:\/\/hotpotcenter.vn\/hinh-anh\/\",\"name\":\"H\u00ecnh \u1ea3nh - Hotpot Center\",\"isPartOf\":{\"@id\":\"https:\/\/hotpotcenter.vn\/#website\"},\"primaryImageOfPage\":{\"@id\":\"https:\/\/hotpotcenter.vn\/hinh-anh\/#primaryimage\"},\"image\":{\"@id\":\"https:\/\/hotpotcenter.vn\/hinh-anh\/#primaryimage\"},\"thumbnailUrl\":\"https:\/\/hotpotcenter.vn\/wp-content\/uploads\/2026\/01\/Design.jpg\",\"datePublished\":\"2026-01-05T07:47:26+00:00\",\"dateModified\":\"2026-02-02T14:21:37+00:00\",\"description\":\"Xem h\u00ecnh \u1ea3nh kh\u00f4ng gian, m\u00f3n l\u1ea9u v\u00e0 tr\u1ea3i nghi\u1ec7m th\u1ef1c t\u1ebf c\u1ee7a kh\u00e1ch h\u00e0ng t\u1ea1i nh\u00e0 h\u00e0ng Hotpot Center Sa Pa.\",\"breadcrumb\":{\"@id\":\"https:\/\/hotpotcenter.vn\/hinh-anh\/#breadcrumb\"},\"inLanguage\":\"vi\",\"potentialAction\":[{\"@type\":\"ReadAction\",\"target\":[\"https:\/\/hotpotcenter.vn\/hinh-anh\/\"]}]},{\"@type\":\"ImageObject\",\"inLanguage\":\"vi\",\"@id\":\"https:\/\/hotpotcenter.vn\/hinh-anh\/#primaryimage\",\"url\":\"https:\/\/hotpotcenter.vn\/wp-content\/uploads\/2026\/01\/Design.jpg\",\"contentUrl\":\"https:\/\/hotpotcenter.vn\/wp-content\/uploads\/2026\/01\/Design.jpg\",\"width\":1640,\"height\":924},{\"@type\":\"BreadcrumbList\",\"@id\":\"https:\/\/hotpotcenter.vn\/hinh-anh\/#breadcrumb\",\"itemListElement\":[{\"@type\":\"ListItem\",\"position\":1,\"name\":\"Home\",\"item\":\"https:\/\/hotpotcenter.vn\/\"},{\"@type\":\"ListItem\",\"position\":2,\"name\":\"H\u00ecnh \u1ea3nh\"}]},{\"@type\":\"WebSite\",\"@id\":\"https:\/\/hotpotcenter.vn\/#website\",\"url\":\"https:\/\/hotpotcenter.vn\/\",\"name\":\"Hotpot Center\",\"description\":\"N\u01a1i \u1ea9m th\u1ef1c th\u0103ng hoa\",\"publisher\":{\"@id\":\"https:\/\/hotpotcenter.vn\/#organization\"},\"potentialAction\":[{\"@type\":\"SearchAction\",\"target\":{\"@type\":\"EntryPoint\",\"urlTemplate\":\"https:\/\/hotpotcenter.vn\/?s={search_term_string}\"},\"query-input\":{\"@type\":\"PropertyValueSpecification\",\"valueRequired\":true,\"valueName\":\"search_term_string\"}}],\"inLanguage\":\"vi\"},{\"@type\":\"Organization\",\"@id\":\"https:\/\/hotpotcenter.vn\/#organization\",\"name\":\"Hotpot Center\",\"url\":\"https:\/\/hotpotcenter.vn\/\",\"logo\":{\"@type\":\"ImageObject\",\"inLanguage\":\"vi\",\"@id\":\"https:\/\/hotpotcenter.vn\/#\/schema\/logo\/image\/\",\"url\":\"https:\/\/hotpotcenter.vn\/wp-content\/uploads\/2026\/01\/cropped-logo.png\",\"contentUrl\":\"https:\/\/hotpotcenter.vn\/wp-content\/uploads\/2026\/01\/cropped-logo.png\",\"width\":998,\"height\":961,\"caption\":\"Hotpot Center\"},\"image\":{\"@id\":\"https:\/\/hotpotcenter.vn\/#\/schema\/logo\/image\/\"}}]}<\/script>\n<!-- \/ Yoast SEO plugin. -->","yoast_head_json":{"title":"H\u00ecnh \u1ea3nh - Hotpot Center","description":"Xem h\u00ecnh \u1ea3nh kh\u00f4ng gian, m\u00f3n l\u1ea9u v\u00e0 tr\u1ea3i nghi\u1ec7m th\u1ef1c t\u1ebf c\u1ee7a kh\u00e1ch h\u00e0ng t\u1ea1i nh\u00e0 h\u00e0ng Hotpot Center Sa Pa.","robots":{"index":"index","follow":"follow","max-snippet":"max-snippet:-1","max-image-preview":"max-image-preview:large","max-video-preview":"max-video-preview:-1"},"canonical":"https:\/\/hotpotcenter.vn\/hinh-anh\/","og_locale":"vi_VN","og_type":"article","og_title":"H\u00ecnh \u1ea3nh - Hotpot Center","og_description":"Xem h\u00ecnh \u1ea3nh kh\u00f4ng gian, m\u00f3n l\u1ea9u v\u00e0 tr\u1ea3i nghi\u1ec7m th\u1ef1c t\u1ebf c\u1ee7a kh\u00e1ch h\u00e0ng t\u1ea1i nh\u00e0 h\u00e0ng Hotpot Center Sa Pa.","og_url":"https:\/\/hotpotcenter.vn\/hinh-anh\/","og_site_name":"Hotpot Center","article_modified_time":"2026-02-02T14:21:37+00:00","og_image":[{"width":1640,"height":924,"url":"https:\/\/hotpotcenter.vn\/wp-content\/uploads\/2026\/01\/Design.jpg","type":"image\/jpeg"}],"twitter_card":"summary_large_image","twitter_misc":{"\u01af\u1edbc t\u00ednh th\u1eddi gian \u0111\u1ecdc":"4 ph\u00fat"},"schema":{"@context":"https:\/\/schema.org","@graph":[{"@type":"WebPage","@id":"https:\/\/hotpotcenter.vn\/hinh-anh\/","url":"https:\/\/hotpotcenter.vn\/hinh-anh\/","name":"H\u00ecnh \u1ea3nh - Hotpot Center","isPartOf":{"@id":"https:\/\/hotpotcenter.vn\/#website"},"primaryImageOfPage":{"@id":"https:\/\/hotpotcenter.vn\/hinh-anh\/#primaryimage"},"image":{"@id":"https:\/\/hotpotcenter.vn\/hinh-anh\/#primaryimage"},"thumbnailUrl":"https:\/\/hotpotcenter.vn\/wp-content\/uploads\/2026\/01\/Design.jpg","datePublished":"2026-01-05T07:47:26+00:00","dateModified":"2026-02-02T14:21:37+00:00","description":"Xem h\u00ecnh \u1ea3nh kh\u00f4ng gian, m\u00f3n l\u1ea9u v\u00e0 tr\u1ea3i nghi\u1ec7m th\u1ef1c t\u1ebf c\u1ee7a kh\u00e1ch h\u00e0ng t\u1ea1i nh\u00e0 h\u00e0ng Hotpot Center Sa Pa.","breadcrumb":{"@id":"https:\/\/hotpotcenter.vn\/hinh-anh\/#breadcrumb"},"inLanguage":"vi","potentialAction":[{"@type":"ReadAction","target":["https:\/\/hotpotcenter.vn\/hinh-anh\/"]}]},{"@type":"ImageObject","inLanguage":"vi","@id":"https:\/\/hotpotcenter.vn\/hinh-anh\/#primaryimage","url":"https:\/\/hotpotcenter.vn\/wp-content\/uploads\/2026\/01\/Design.jpg","contentUrl":"https:\/\/hotpotcenter.vn\/wp-content\/uploads\/2026\/01\/Design.jpg","width":1640,"height":924},{"@type":"BreadcrumbList","@id":"https:\/\/hotpotcenter.vn\/hinh-anh\/#breadcrumb","itemListElement":[{"@type":"ListItem","position":1,"name":"Home","item":"https:\/\/hotpotcenter.vn\/"},{"@type":"ListItem","position":2,"name":"H\u00ecnh \u1ea3nh"}]},{"@type":"WebSite","@id":"https:\/\/hotpotcenter.vn\/#website","url":"https:\/\/hotpotcenter.vn\/","name":"Hotpot Center","description":"N\u01a1i \u1ea9m th\u1ef1c th\u0103ng hoa","publisher":{"@id":"https:\/\/hotpotcenter.vn\/#organization"},"potentialAction":[{"@type":"SearchAction","target":{"@type":"EntryPoint","urlTemplate":"https:\/\/hotpotcenter.vn\/?s={search_term_string}"},"query-input":{"@type":"PropertyValueSpecification","valueRequired":true,"valueName":"search_term_string"}}],"inLanguage":"vi"},{"@type":"Organization","@id":"https:\/\/hotpotcenter.vn\/#organization","name":"Hotpot Center","url":"https:\/\/hotpotcenter.vn\/","logo":{"@type":"ImageObject","inLanguage":"vi","@id":"https:\/\/hotpotcenter.vn\/#\/schema\/logo\/image\/","url":"https:\/\/hotpotcenter.vn\/wp-content\/uploads\/2026\/01\/cropped-logo.png","contentUrl":"https:\/\/hotpotcenter.vn\/wp-content\/uploads\/2026\/01\/cropped-logo.png","width":998,"height":961,"caption":"Hotpot Center"},"image":{"@id":"https:\/\/hotpotcenter.vn\/#\/schema\/logo\/image\/"}}]}},"_links":{"self":[{"href":"https:\/\/hotpotcenter.vn\/index.php\/wp-json\/wp\/v2\/pages\/6805","targetHints":{"allow":["GET"]}}],"collection":[{"href":"https:\/\/hotpotcenter.vn\/index.php\/wp-json\/wp\/v2\/pages"}],"about":[{"href":"https:\/\/hotpotcenter.vn\/index.php\/wp-json\/wp\/v2\/types\/page"}],"author":[{"embeddable":true,"href":"https:\/\/hotpotcenter.vn\/index.php\/wp-json\/wp\/v2\/users\/1"}],"replies":[{"embeddable":true,"href":"https:\/\/hotpotcenter.vn\/index.php\/wp-json\/wp\/v2\/comments?post=6805"}],"version-history":[{"count":18,"href":"https:\/\/hotpotcenter.vn\/index.php\/wp-json\/wp\/v2\/pages\/6805\/revisions"}],"predecessor-version":[{"id":6838,"href":"https:\/\/hotpotcenter.vn\/index.php\/wp-json\/wp\/v2\/pages\/6805\/revisions\/6838"}],"wp:featuredmedia":[{"embeddable":true,"href":"https:\/\/hotpotcenter.vn\/index.php\/wp-json\/wp\/v2\/media\/6968"}],"wp:attachment":[{"href":"https:\/\/hotpotcenter.vn\/index.php\/wp-json\/wp\/v2\/media?parent=6805"}],"curies":[{"name":"wp","href":"https:\/\/api.w.org\/{rel}","templated":true}]}}